tors of u?
2, 71
Let a(g) = -g**3 - 4*g**2 - 3*g + 3. Let r be a(-3). Suppose -9 = -3*t, c - 33 = -c + r*t. Suppose 5*n - c = 4*n. What are the prime factors of n?
3, 7
Let k(z) = z**3 - 8*z**2 + 11*z - 8. Let b(j) = j**2 + 4*j + 4 - 6*j + j - 3. Let q be b(-2). List the prime factors of k(q).
2, 5
Let n(p) = p**3 + p**2 - p + 239. Let c be n(0). Suppose -3*f + 166 = -c. List the prime factors of f.
3, 5
Let c be (8*-1)/(2/3). Let j be (-202)/(-6) + (-16)/c. Suppose 4*b + j = 2*f + 5*b, -1 = -b. What are the prime factors of f?
17
Suppose -36804 + 275214 = 45*r. What are the prime factors of r?
2, 3, 883
Suppose 5*h - 5*z = 24 - 4, -1 = -2*h - 5*z. Suppose h = k + 1. Let i = 17 - k. What are the prime factors of i?
3, 5
Suppose 0*a + 3 = a. Suppose 0 = -a*s - 2*j + 38, -4*j = 3*s - j - 33. Let y = s + -6. What are the prime factors of y?
2, 5
Let x be (-15)/25 + (-2)/5 + -23. Let o(l) = l + 44. Let z be o(0). Let j = x + z. What are the prime factors of j?
2, 5
Let a(i) = 16*i**2 + 23*i - 98. What are the prime factors of a(7)?
7, 11
Suppose 3*u + d - 416 - 2203 = 0, -2*u = -5*d - 1746. List the prime factors of u.
3, 97
Suppose 39 = -8*x + 543. List the prime factors of -3*(-14)/x*942/4.
157
Let z = 150 + -148. List the prime factors of (56/(-20))/(z/(-140)).
2, 7
Let r = -2 - -6. Let a = r - 2. List the prime factors of 1/1*(a + 0).
2
Suppose 12*k = 15*k - 2430. List the prime factors of k.
2, 3, 5
Let f be (-3)/(-15) + 132/15 - -3. Let u be (-66)/(-3) + -2 - 2. List the prime factors of f/54 - (-1454)/u.
3
Let x(n) = -n**3 - 14 - 5*n**2 - 2*n**3 + 36 + n - 19. What are the prime factors of x(-5)?
2, 31
Suppose -5*p + 6*k - 5*k = -2606, -5*k - 1546 = -3*p. What are the prime factors of p?
2, 3, 29
Suppose -6*r + 8*r = 30. Let i = -11 + r. List the prime factors of ((-15)/i)/(15/(-40)).
2, 5
Let s be ((-2)/((-10)/(-11)))/(2/(-110)). Suppose -3*g + 66 = 2*p + g, 0 = -5*p + g + s. What are the prime factors of p?
5
Let d(p) = -p**3 + 33*p**2 - 177*p - 2. What are the prime factors of d(26)?
2
Suppose -4 = -2*g - 4*p, p = 2*g - 4*g - 5. Let u(k) = -k - 7. Let j be u(g). What are the prime factors of ((-70)/(-7))/((-2)/j)?
3, 5
Let w(j) be the second derivative of -j**5/20 - j**4/6 + 5*j**3/6 + j**2 + 19*j. What are the prime factors of w(-6)?
2, 29
Let b(y) = -4*y + 14*y - 1 - 2. Let s be b(4). Let r = 52 - s. What are the prime factors of r?
3, 5
Let z(d) = d**2 + 7*d + 11. Let s = 19 - 30. List the prime factors of z(s).
5, 11
Let a(d) = -2*d + 1. Let h be a(-1). Suppose -h*z = -2*j - 146, 5*z - z + 4*j = 208. What are the prime factors of z?
2, 5
Let y = 659 + -145. Suppose -982 = -8*x + y. List the prime factors of x.
11, 17
List the prime factors of 15561/21 - (0 + -2 + -1).
2, 3, 31
List the prime factors of ((-7)/28 + (-154)/24)*-48.
2, 5
Let a be ((-4)/(-7))/(2/7). Suppose 0*m - 16 = -2*m + 4*o, -a*o - 8 = m. Suppose m*i + 5*i - 145 = 0. What are the prime factors of i?
29
Let d = 529 + -234. List the prime factors of d.
5, 59
Let l = 4180 - 1287. What are the prime factors of l?
11, 263
Suppose -4*o - 2*y = y - 609, 0 = 2*o + 5*y - 287. Let f = o - 4. List the prime factors of f.
2, 19
Let z(c) = 16*c**3 + 3*c**2 - 4*c + 4. Suppose -2*k = 5*w - 20, 7*w - 3*w - 5*k + 17 = 0. List the prime factors of z(w).
2, 17
Let h = -133 - -935. List the prime factors of h.
2, 401
Let t be 242 + -1 - (-5 - -10). Let a(x) = -x - 4. Let w be a(-6). What are the prime factors of 2/4*t/w?
59
Let v(i) be the first derivative of i**4/4 - 14*i**3/3 - 11*i**2/2 - 17*i - 6. Let d = 23 + -8. What are the prime factors of v(d)?
43
Suppose 5*a + 34 = 4. List the prime factors of 335/10 - a/4.
5, 7
Let k = 412 + -196. What are the prime factors of k?
2, 3
Let z = -109 - -97. What are the prime factors of 14/(-21)*z/(-2) + 256?
2, 3, 7
Let k(v) = 10*v - 10. Let r(i) = -30*i + 29. Let j(n) = 8*k(n) + 3*r(n). Let x(w) = 51*w - 36. Let d(c) = -11*j(c) - 2*x(c). What are the prime factors of d(5)?
5, 7
What are the prime factors of (-7)/(-70) - (-1 + 1769/(-10))?
2, 89
Let r(i) = -3*i + 46. Let n be r(17). Let o(y) be the third derivative of -5*y**4/24 + y**3/6 + 2*y**2. List the prime factors of o(n).
2, 13
Let w be (-4 + 1)*10/(-30). List the prime factors of 1 - -3 - (w + -79).
2, 41
Let u be -45*785/(-60) + 1/4. Let s = u - 329. List the prime factors of s.
2, 5, 13
Let b(m) = m**3 - 41*m**2 - 51*m - 146. What are the prime factors of b(44)?
2, 1709
Let h = 1423 - 1026. List the prime factors of h.
397
Let v(n) = 3*n**2 - 9*n - 27. List the prime factors of v(10).
3, 61
Let r(c) = 5*c**3 - 10*c**2 + 9*c + 3. Let d(g) = g**3 - g**2 + g + 1. Let l(i) = 4*d(i) - r(i). Let x be (-2)/2 + 0 + 5. What are the prime factors of l(x)?
13
Let l(v) = -v**3 - 2*v + 13. Let p be l(0). Let f(c) = -c**3 + 13*c**2 + 10*c + 7. List the prime factors of f(p).
137
Let p(w) = -33*w**2 - 18*w. Let n be p(-4). What are the prime factors of (10/(-1))/(19/n)?
2, 3, 5
Suppose 5*l - 329 - 116 = 0. Let m = 127 + l. What are the prime factors of m?
2, 3
Suppose -2*b + 5*b = 27. Suppose -215 = -14*z + b*z. List the prime factors of z.
43
Let w be (-3)/((-12)/16) + -4 - -25. Let n = 38 + w. What are the prime factors of n?
3, 7
Let f = 5188 + -3539. List the prime factors of f.
17, 97
Suppose -5*n = 2*o - 110, -4*n + 9*n + 4*o - 100 = 0. What are the prime factors of n?
2, 3
Let h(s) be the second derivative of 85*s**3/6 - 8*s**2 + 6*s - 1. List the prime factors of h(3).
239
Let h be 1/(1/(9/3)). Let a = 32 + -27. Suppose a*w - 48 = h*w. List the prime factors of w.
2, 3
Suppose -2*q = 0, -p + 2*p - 3*q = 3. List the prime factors of (8/p)/(10/165).
2, 11
Suppose 10*y - 4*y = 2376. What are the prime factors of y?
2, 3, 11
Let g = 453 - -945. List the prime factors of g.
2, 3, 233
Let n = -2999 + 5842. What are the prime factors of n?
2843
Let s(u) = -159*u + 95. List the prime factors of s(-6).
1049
Suppose 3*u - 1665 = -282. List the prime factors of u.
461
Suppose -741 = -i + 209. What are the prime factors of i?
2, 5, 19
Let g = 44 - 19. Let c = g - 11. Suppose 4*a + 2 = c, -57 = -2*o - 5*a. List the prime factors of o.
3, 7
Suppose 0 = -y, 2*d - 2*y = 2*y + 42. Suppose h + 3 = -3*n, -4*n = -h + n + d. Let s(q) = 5*q - 10. List the prime factors of s(h).
2, 5
Let m = 2 - 9. Let o = -3 - m. Suppose o*v - 215 = -83. List the prime factors of v.
3, 11
Let x = 10426 + -6939. List the prime factors of x.
11, 317
Suppose 5*y - 4*d = y + 4584, -1144 = -y - d. List the prime factors of y.
5, 229
Let m(c) = c - 6. Let j be m(11). Suppose -2*p = -3*u + 396, -j*u + 516 = 4*p - 166. List the prime factors of u.
2, 67
Let s(x) = 11 + 0*x + 4*x - 7 + 212*x**3 - 6 - 3*x**2. What are the prime factors of s(1)?
211
Let t(q) = -2*q**2 - q. Let s(c) = 3*c**2 + 2*c. Let i(j) = 3*s(j) + 4*t(j). Let l be i(2). List the prime factors of 4*((-2)/l + 1).
3
Let w(f) = 39*f**3 + f**2 + f - 2. Let k be w(1). Let g = k - 36. List the prime factors of (-2 - 213/g)*-1.
73
Suppose -3833 = -3*z + 15*n - 14*n, 4*z - 5089 = -3*n. List the prime factors of z.
2, 11, 29
Let h(a) = 2*a**2 + 4*a - 2. Let s(u) = -5*u - 1. Let y be s(-1). What are the prime factors of h(y)?
2, 23
Suppose 0 = -2*s - y - 0*y, -2*s = 2*y + 4. Suppose b - 18 = -s. Let o = 29 - b. List the prime factors of o.
13
Let q(s) = -s - 4. Let l be q(-6). Suppose -2*a + 184 = -4*t, l*t - 368 = -4*a + t. Suppose -3*f + f + 61 = -b, a = 4*f + 4*b. What are the prime factors of f?
2, 7
Let m(n) be the second derivative of 0 + 9*n + 1/6*n**3 + 10*n**2. What are the prime factors of m(-6)?
2, 7
Suppose 0 = 79*o - 60*o - 2432. What are the prime factors of o?
2
Suppose 2*j = -10 - 0, -2198 = -4*t + 2*j. What are the prime factors of t?
547
Let s(b) = b - 5. Let j be s(18). Let i be ((-35)/(-14))/((-2)/4). Let l = i + j. What are the prime factors of l?
2
Suppose 21*k - 24*k + 18 = 0. Suppose -9*u + 441 = -k*u. What are the prime factors of u?
3, 7
Let w be (-16)/(-104) + 544/13. Suppose 4*x = x + w. What are the prime factors of 4/x + 332/14?
2, 3
Suppose 0 = -4*j - 3*r + 3443 + 2838, j = 2*r + 1562. List the prime factors of j.
2, 7
What are the prime factors of (28 - 29)*2*-456?
2, 3, 19
Let u(m) = -200*m**3 - 3*m**2 - 22*m - 35. What are the prime factors of